[INFO] cloning repository https://github.com/JohannesBeranek/rust-xx0
[INFO] running `Command { std: "git" "-c" "credential.helper=" "-c" "credential.helper=/workspace/cargo-home/bin/git-credential-null" "clone" "--bare" "https://github.com/JohannesBeranek/rust-xx0" "/workspace/cache/git-repos/https%3A%2F%2Fgithub.com%2FJohannesBeranek%2Frust-xx0", kill_on_drop: false }`
[INFO] [stderr] Cloning into bare repository '/workspace/cache/git-repos/https%3A%2F%2Fgithub.com%2FJohannesBeranek%2Frust-xx0'...
[INFO] running `Command { std: "git" "rev-parse" "HEAD", kill_on_drop: false }`
[INFO] [stdout] ce1e7d9e39713b6076f9cef35ed8662eebf59cb4
[INFO] checking JohannesBeranek/rust-xx0 against master#af3c6e733a40e671550e0f0f5aeecaa13772ba56 for pr-74989
[INFO] running `Command { std: "git" "clone" "/workspace/cache/git-repos/https%3A%2F%2Fgithub.com%2FJohannesBeranek%2Frust-xx0" "/workspace/builds/worker-1/source", kill_on_drop: false }`
[INFO] [stderr] Cloning into '/workspace/builds/worker-1/source'...
[INFO] [stderr] done.
[INFO] validating manifest of git repo https://github.com/JohannesBeranek/rust-xx0 on toolchain af3c6e733a40e671550e0f0f5aeecaa13772ba56
[INFO] running `Command { std: "/workspace/cargo-home/bin/cargo" "+af3c6e733a40e671550e0f0f5aeecaa13772ba56" "read-manifest" "--manifest-path" "Cargo.toml", kill_on_drop: false }`
[INFO] removed /workspace/builds/worker-1/source/.cargo/config
[INFO] started tweaking git repo https://github.com/JohannesBeranek/rust-xx0
[INFO] removed path dependency http from git repo https://github.com/JohannesBeranek/rust-xx0
[INFO] finished tweaking git repo https://github.com/JohannesBeranek/rust-xx0
[INFO] tweaked toml for git repo https://github.com/JohannesBeranek/rust-xx0 written to /workspace/builds/worker-1/source/Cargo.toml
[INFO] crate git repo https://github.com/JohannesBeranek/rust-xx0 already has a lockfile, it will not be regenerated
[INFO] running `Command { std: "/workspace/cargo-home/bin/cargo" "+af3c6e733a40e671550e0f0f5aeecaa13772ba56" "fetch" "--locked" "--manifest-path" "Cargo.toml", kill_on_drop: false }`
[INFO] [stderr] warning: dependency (http) specified without providing a local path, Git repository, or version to use. This will be considered an error in future versions
[INFO] [stderr]     Updating crates.io index
[INFO] [stderr] error: the lock file /workspace/builds/worker-1/source/Cargo.lock needs to be updated but --locked was passed to prevent this
[INFO] [stderr] If you want to try to generate the lock file without accessing the network, use the --offline flag.
[INFO] the lockfile is outdated, regenerating it
[INFO] running `Command { std: "/workspace/cargo-home/bin/cargo" "+af3c6e733a40e671550e0f0f5aeecaa13772ba56" "generate-lockfile" "--manifest-path" "Cargo.toml" "-Zno-index-update", kill_on_drop: false }`
[INFO] [stderr]     Updating git repository `https://github.com/tokio-rs/tokio-service`
[INFO] running `Command { std: "/workspace/cargo-home/bin/cargo" "+af3c6e733a40e671550e0f0f5aeecaa13772ba56" "fetch" "--locked" "--manifest-path" "Cargo.toml", kill_on_drop: false }`
[INFO] [stderr] warning: dependency (http) specified without providing a local path, Git repository, or version to use. This will be considered an error in future versions
[INFO] running `Command { std: "docker" "create" "-v" "/var/lib/crater-agent-workspace/builds/worker-1/target:/opt/rustwide/target:rw,Z" "-v" "/var/lib/crater-agent-workspace/builds/worker-1/source:/opt/rustwide/workdir:ro,Z" "-v" "/var/lib/crater-agent-workspace/cargo-home:/opt/rustwide/cargo-home:ro,Z" "-v" "/var/lib/crater-agent-workspace/rustup-home:/opt/rustwide/rustup-home:ro,Z" "-e" "SOURCE_DIR=/opt/rustwide/workdir" "-e" "CARGO_TARGET_DIR=/opt/rustwide/target" "-e" "CARGO_HOME=/opt/rustwide/cargo-home" "-e" "RUSTUP_HOME=/opt/rustwide/rustup-home" "-w" "/opt/rustwide/workdir" "-m" "1610612736" "--user" "0:0" "--network" "none" "rustops/crates-build-env@sha256:d92eaeed33fa75130ca1ee6c8a01d1ffb62bac859dfdfb3450e3e5d1c0146529" "/opt/rustwide/cargo-home/bin/cargo" "+af3c6e733a40e671550e0f0f5aeecaa13772ba56" "metadata" "--no-deps" "--format-version=1", kill_on_drop: false }`
[INFO] [stderr] WARNING: Your kernel does not support swap limit capabilities or the cgroup is not mounted. Memory limited without swap.
[INFO] [stdout] a296fc17101437e36db6bce66a282b36d348923841cc5d96f968c127d81c4d9b
[INFO] running `Command { std: "docker" "start" "-a" "a296fc17101437e36db6bce66a282b36d348923841cc5d96f968c127d81c4d9b", kill_on_drop: false }`
[INFO] running `Command { std: "docker" "inspect" "a296fc17101437e36db6bce66a282b36d348923841cc5d96f968c127d81c4d9b", kill_on_drop: false }`
[INFO] running `Command { std: "docker" "rm" "-f" "a296fc17101437e36db6bce66a282b36d348923841cc5d96f968c127d81c4d9b", kill_on_drop: false }`
[INFO] [stdout] a296fc17101437e36db6bce66a282b36d348923841cc5d96f968c127d81c4d9b
[INFO] running `Command { std: "docker" "create" "-v" "/var/lib/crater-agent-workspace/builds/worker-1/target:/opt/rustwide/target:rw,Z" "-v" "/var/lib/crater-agent-workspace/builds/worker-1/source:/opt/rustwide/workdir:ro,Z" "-v" "/var/lib/crater-agent-workspace/cargo-home:/opt/rustwide/cargo-home:ro,Z" "-v" "/var/lib/crater-agent-workspace/rustup-home:/opt/rustwide/rustup-home:ro,Z" "-e" "SOURCE_DIR=/opt/rustwide/workdir" "-e" "CARGO_TARGET_DIR=/opt/rustwide/target" "-e" "CARGO_INCREMENTAL=0" "-e" "RUST_BACKTRACE=full" "-e" "RUSTFLAGS=--cap-lints=forbid" "-e" "CARGO_HOME=/opt/rustwide/cargo-home" "-e" "RUSTUP_HOME=/opt/rustwide/rustup-home" "-w" "/opt/rustwide/workdir" "-m" "1610612736" "--user" "0:0" "--network" "none" "rustops/crates-build-env@sha256:d92eaeed33fa75130ca1ee6c8a01d1ffb62bac859dfdfb3450e3e5d1c0146529" "/opt/rustwide/cargo-home/bin/cargo" "+af3c6e733a40e671550e0f0f5aeecaa13772ba56" "check" "--frozen" "--all" "--all-targets" "--message-format=json", kill_on_drop: false }`
[INFO] [stdout] 1c582aa358888e19c3bf9010ebf883800df0e0ec51e82b50f014a9fb3257044c
[INFO] [stderr] WARNING: Your kernel does not support swap limit capabilities or the cgroup is not mounted. Memory limited without swap.
[INFO] running `Command { std: "docker" "start" "-a" "1c582aa358888e19c3bf9010ebf883800df0e0ec51e82b50f014a9fb3257044c", kill_on_drop: false }`
[INFO] [stderr] warning: dependency (http) specified without providing a local path, Git repository, or version to use. This will be considered an error in future versions
[INFO] [stderr] warning: package replacement is not used: https://github.com/rust-lang/crates.io-index#tokio-core:0.1.0
[INFO] [stderr]    Compiling log v0.4.11
[INFO] [stderr]     Checking cfg-if v0.1.10
[INFO] [stderr]     Checking bytes v0.5.6
[INFO] [stderr]     Checking itoa v0.4.6
[INFO] [stderr]     Checking futures v0.1.29
[INFO] [stderr]     Checking rustc-serialize v0.3.24
[INFO] [stderr]     Checking sha1 v0.2.0
[INFO] [stderr]     Checking log v0.3.9
[INFO] [stderr]     Checking env_logger v0.3.5
[INFO] [stderr]     Checking http v0.2.1
[INFO] [stderr]     Checking tokio-service v0.1.0 (https://github.com/tokio-rs/tokio-service#01ab7ecb)
[INFO] [stderr]     Checking xx0 v0.1.0 (/opt/rustwide/workdir)
[INFO] [stdout] error[E0407]: method `poll_ready` is not a member of trait `Service`
[INFO] [stdout]    --> src/main.rs:156:5
[INFO] [stdout]     |
[INFO] [stdout] 156 | /     fn poll_ready(&self) -> Async<()> {
[INFO] [stdout] 157 | |         Async::Ready(())
[INFO] [stdout] 158 | |     }
[INFO] [stdout]     | |_____^ not a member of trait `Service`
[INFO] [stdout] 
[INFO] [stdout] 
[INFO] [stdout] error[E0407]: method `poll_ready` is not a member of trait `Service`
[INFO] [stdout]    --> src/main.rs:156:5
[INFO] [stdout]     |
[INFO] [stdout] 156 | /     fn poll_ready(&self) -> Async<()> {
[INFO] [stdout] 157 | |         Async::Ready(())
[INFO] [stdout] 158 | |     }
[INFO] [stdout]     | |_____^ not a member of trait `Service`
[INFO] [stdout] 
[INFO] [stdout] 
[INFO] [stdout] error[E0433]: failed to resolve: could not find `Server` in `http`
[INFO] [stdout]    --> src/main.rs:164:11
[INFO] [stdout]     |
[INFO] [stdout] 164 |     http::Server::new(addr)
[INFO] [stdout]     |           ^^^^^^ could not find `Server` in `http`
[INFO] [stdout] 
[INFO] [stdout] 
[INFO] [stdout] error[E0107]: wrong number of type arguments: expected 1, found 0
[INFO] [stdout]   --> src/main.rs:28:79
[INFO] [stdout]    |
[INFO] [stdout] 28 |     fn set_error_response<'a>(&'a self, resp: &'a mut http::Response) -> &mut http::Response {
[INFO] [stdout]    |                                                                               ^^^^^^^^^^^^^^ expected 1 type argument
[INFO] [stdout] 
[INFO] [stdout] 
[INFO] [stdout] error[E0107]: wrong number of type arguments: expected 1, found 0
[INFO] [stdout]   --> src/main.rs:28:55
[INFO] [stdout]    |
[INFO] [stdout] 28 |     fn set_error_response<'a>(&'a self, resp: &'a mut http::Response) -> &mut http::Response {
[INFO] [stdout]    |                                                       ^^^^^^^^^^^^^^ expected 1 type argument
[INFO] [stdout] 
[INFO] [stdout] 
[INFO] [stdout] error[E0107]: wrong number of type arguments: expected 1, found 0
[INFO] [stdout]   --> src/main.rs:35:75
[INFO] [stdout]    |
[INFO] [stdout] 35 |     fn finish_error_response(&self, mut resp: http::Response) -> Finished<http::Response, io::Error> {
[INFO] [stdout]    |                                                                           ^^^^^^^^^^^^^^ expected 1 type argument
[INFO] [stdout] 
[INFO] [stdout] 
[INFO] [stdout] error[E0107]: wrong number of type arguments: expected 1, found 0
[INFO] [stdout]   --> src/main.rs:35:47
[INFO] [stdout]    |
[INFO] [stdout] 35 |     fn finish_error_response(&self, mut resp: http::Response) -> Finished<http::Response, io::Error> {
[INFO] [stdout]    |                                               ^^^^^^^^^^^^^^ expected 1 type argument
[INFO] [stdout] 
[INFO] [stdout] 
[INFO] [stdout] error[E0107]: wrong number of type arguments: expected 1, found 0
[INFO] [stdout]   --> src/main.rs:42:20
[INFO] [stdout]    |
[INFO] [stdout] 42 |     type Request = http::Request;
[INFO] [stdout]    |                    ^^^^^^^^^^^^^ expected 1 type argument
[INFO] [stdout] 
[INFO] [stdout] 
[INFO] [stdout] error[E0107]: wrong number of type arguments: expected 1, found 0
[INFO] [stdout]   --> src/main.rs:43:21
[INFO] [stdout]    |
[INFO] [stdout] 43 |     type Response = http::Response;
[INFO] [stdout]    |                     ^^^^^^^^^^^^^^ expected 1 type argument
[INFO] [stdout] 
[INFO] [stdout] 
[INFO] [stdout] error[E0107]: wrong number of type arguments: expected 1, found 0
[INFO] [stdout]   --> src/main.rs:45:28
[INFO] [stdout]    |
[INFO] [stdout] 45 |     type Future = Finished<http::Response, io::Error>;
[INFO] [stdout]    |                            ^^^^^^^^^^^^^^ expected 1 type argument
[INFO] [stdout] 
[INFO] [stdout] 
[INFO] [stdout] error[E0107]: wrong number of type arguments: expected 1, found 0
[INFO] [stdout]   --> src/main.rs:48:30
[INFO] [stdout]    |
[INFO] [stdout] 48 |     fn call(&self, _request: http::Request) -> Self::Future {
[INFO] [stdout]    |                              ^^^^^^^^^^^^^ expected 1 type argument
[INFO] [stdout] 
[INFO] [stdout] 
[INFO] [stdout] error: aborting due to 10 previous errors
[INFO] [stdout] 
[INFO] [stdout] 
[INFO] [stdout] Some errors have detailed explanations: E0107, E0407, E0433.
[INFO] [stdout] 
[INFO] [stdout] For more information about an error, try `rustc --explain E0107`.
[INFO] [stdout] 
[INFO] [stdout] error[E0433]: failed to resolve: could not find `Server` in `http`
[INFO] [stdout]    --> src/main.rs:164:11
[INFO] [stdout]     |
[INFO] [stdout] 164 |     http::Server::new(addr)
[INFO] [stdout]     |           ^^^^^^ could not find `Server` in `http`
[INFO] [stdout] 
[INFO] [stdout] 
[INFO] [stdout] error[E0107]: wrong number of type arguments: expected 1, found 0
[INFO] [stdout]   --> src/main.rs:28:79
[INFO] [stdout]    |
[INFO] [stdout] 28 |     fn set_error_response<'a>(&'a self, resp: &'a mut http::Response) -> &mut http::Response {
[INFO] [stdout]    |                                                                               ^^^^^^^^^^^^^^ expected 1 type argument
[INFO] [stdout] 
[INFO] [stdout] 
[INFO] [stdout] error[E0107]: wrong number of type arguments: expected 1, found 0
[INFO] [stdout]   --> src/main.rs:28:55
[INFO] [stdout]    |
[INFO] [stdout] 28 |     fn set_error_response<'a>(&'a self, resp: &'a mut http::Response) -> &mut http::Response {
[INFO] [stdout]    |                                                       ^^^^^^^^^^^^^^ expected 1 type argument
[INFO] [stdout] 
[INFO] [stdout] 
[INFO] [stdout] error[E0107]: wrong number of type arguments: expected 1, found 0
[INFO] [stdout]   --> src/main.rs:35:75
[INFO] [stdout]    |
[INFO] [stdout] 35 |     fn finish_error_response(&self, mut resp: http::Response) -> Finished<http::Response, io::Error> {
[INFO] [stdout]    |                                                                           ^^^^^^^^^^^^^^ expected 1 type argument
[INFO] [stdout] 
[INFO] [stdout] 
[INFO] [stdout] error[E0107]: wrong number of type arguments: expected 1, found 0
[INFO] [stdout]   --> src/main.rs:35:47
[INFO] [stdout]    |
[INFO] [stdout] 35 |     fn finish_error_response(&self, mut resp: http::Response) -> Finished<http::Response, io::Error> {
[INFO] [stdout]    |                                               ^^^^^^^^^^^^^^ expected 1 type argument
[INFO] [stdout] 
[INFO] [stdout] 
[INFO] [stdout] error[E0107]: wrong number of type arguments: expected 1, found 0
[INFO] [stdout]   --> src/main.rs:42:20
[INFO] [stdout]    |
[INFO] [stdout] 42 |     type Request = http::Request;
[INFO] [stdout]    |                    ^^^^^^^^^^^^^ expected 1 type argument
[INFO] [stdout] 
[INFO] [stdout] 
[INFO] [stdout] error[E0107]: wrong number of type arguments: expected 1, found 0
[INFO] [stdout]   --> src/main.rs:43:21
[INFO] [stdout]    |
[INFO] [stdout] 43 |     type Response = http::Response;
[INFO] [stdout]    |                     ^^^^^^^^^^^^^^ expected 1 type argument
[INFO] [stdout] 
[INFO] [stdout] 
[INFO] [stdout] error[E0107]: wrong number of type arguments: expected 1, found 0
[INFO] [stdout]   --> src/main.rs:45:28
[INFO] [stdout]    |
[INFO] [stdout] 45 |     type Future = Finished<http::Response, io::Error>;
[INFO] [stdout]    |                            ^^^^^^^^^^^^^^ expected 1 type argument
[INFO] [stdout] 
[INFO] [stdout] 
[INFO] [stdout] error[E0107]: wrong number of type arguments: expected 1, found 0
[INFO] [stdout]   --> src/main.rs:48:30
[INFO] [stdout]    |
[INFO] [stdout] 48 |     fn call(&self, _request: http::Request) -> Self::Future {
[INFO] [stdout]    |                              ^^^^^^^^^^^^^ expected 1 type argument
[INFO] [stdout] 
[INFO] [stdout] 
[INFO] [stderr] error: could not compile `xx0`.
[INFO] [stdout] error: aborting due to 10 previous errors
[INFO] [stdout] 
[INFO] [stdout] 
[INFO] [stderr] 
[INFO] [stdout] Some errors have detailed explanations: E0107, E0407, E0433.
[INFO] [stdout] 
[INFO] [stderr] To learn more, run the command again with --verbose.
[INFO] [stdout] For more information about an error, try `rustc --explain E0107`.
[INFO] [stdout] 
[INFO] [stderr] warning: build failed, waiting for other jobs to finish...
[INFO] [stderr] error: build failed
[INFO] running `Command { std: "docker" "inspect" "1c582aa358888e19c3bf9010ebf883800df0e0ec51e82b50f014a9fb3257044c", kill_on_drop: false }`
[INFO] running `Command { std: "docker" "rm" "-f" "1c582aa358888e19c3bf9010ebf883800df0e0ec51e82b50f014a9fb3257044c", kill_on_drop: false }`
[INFO] [stdout] 1c582aa358888e19c3bf9010ebf883800df0e0ec51e82b50f014a9fb3257044c
